{"id":13202,"date":"2022-03-17T10:06:16","date_gmt":"2022-03-17T10:06:16","guid":{"rendered":"https:\/\/fspac.ubbcluj.ro\/core\/?page_id=13202"},"modified":"2024-11-19T08:44:27","modified_gmt":"2024-11-19T08:44:27","slug":"reviste","status":"publish","type":"page","link":"https:\/\/fspac.ubbcluj.ro\/core\/reviste\/","title":{"rendered":"Publica\u021bii relevante"},"content":{"rendered":"\t\t<div data-elementor-type=\"wp-page\" data-elementor-id=\"13202\" class=\"elementor elementor-13202\">\n\t\t\t\t\t\t\t\t\t<section class=\"elementor-section elementor-top-section elementor-element elementor-element-9386d74 elementor-section-boxed elementor-section-height-default elementor-section-height-default\" data-id=\"9386d74\" data-element_type=\"section\">\n\t\t\t\t\t\t<div class=\"elementor-container elementor-column-gap-default\">\n\t\t\t\t\t<div class=\"elementor-column elementor-col-100 elementor-top-column elementor-element elementor-element-d41e72a\" data-id=\"d41e72a\" data-element_type=\"column\">\n\t\t\t<div class=\"elementor-widget-wrap elementor-element-populated\">\n\t\t\t\t\t\t\t\t<div class=\"elementor-element elementor-element-78b2309 elementor-widget elementor-widget-heading\" data-id=\"78b2309\" data-element_type=\"widget\" data-widget_type=\"heading.default\">\n\t\t\t\t<div class=\"elementor-widget-container\">\n\t\t\t<style>\/*! elementor - v3.6.1 - 23-03-2022 *\/\n.elementor-heading-title{padding:0;margin:0;line-height:1}.elementor-widget-heading .elementor-heading-title[class*=elementor-size-]>a{color:inherit;font-size:inherit;line-height:inherit}.elementor-widget-heading .elementor-heading-title.elementor-size-small{font-size:15px}.elementor-widget-heading .elementor-heading-title.elementor-size-medium{font-size:19px}.elementor-widget-heading .elementor-heading-title.elementor-size-large{font-size:29px}.elementor-widget-heading .elementor-heading-title.elementor-size-xl{font-size:39px}.elementor-widget-heading .elementor-heading-title.elementor-size-xxl{font-size:59px}<\/style><h2 class=\"elementor-heading-title elementor-size-default\">Publica\u021bii relevante (selec\u021bie 2020-2024)<\/h2>\t\t<\/div>\n\t\t\t\t<\/div>\n\t\t\t\t<div class=\"elementor-element elementor-element-bb36430 elementor-widget elementor-widget-spacer\" data-id=\"bb36430\" data-element_type=\"widget\" data-widget_type=\"spacer.default\">\n\t\t\t\t<div class=\"elementor-widget-container\">\n\t\t\t<style>\/*! elementor - v3.6.1 - 23-03-2022 *\/\n.e-container.e-container--row .elementor-spacer-inner{width:var(--spacer-size)}.e-container.e-container--column .elementor-spacer-inner,.elementor-column .elementor-spacer-inner{height:var(--spacer-size)}<\/style>\t\t<div class=\"elementor-spacer\">\n\t\t\t<div class=\"elementor-spacer-inner\"><\/div>\n\t\t<\/div>\n\t\t\t\t<\/div>\n\t\t\t\t<\/div>\n\t\t\t\t\t<\/div>\n\t\t<\/div>\n\t\t\t\t\t\t\t<\/div>\n\t\t<\/section>\n\t\t\t\t<section class=\"elementor-section elementor-top-section elementor-element elementor-element-1d2058c elementor-section-boxed elementor-section-height-default elementor-section-height-default\" data-id=\"1d2058c\" data-element_type=\"section\">\n\t\t\t\t\t\t<div class=\"elementor-container elementor-column-gap-default\">\n\t\t\t\t\t<div class=\"elementor-column elementor-col-100 elementor-top-column elementor-element elementor-element-09b458b\" data-id=\"09b458b\" data-element_type=\"column\">\n\t\t\t<div class=\"elementor-widget-wrap elementor-element-populated\">\n\t\t\t\t\t\t\t\t<div class=\"elementor-element elementor-element-a044c40 elementor-widget-divider--view-line_icon elementor-view-default elementor-widget-divider--element-align-center elementor-widget elementor-widget-divider\" data-id=\"a044c40\" data-element_type=\"widget\" data-widget_type=\"divider.default\">\n\t\t\t\t<div class=\"elementor-widget-container\">\n\t\t\t<style>\/*! elementor - v3.6.1 - 23-03-2022 *\/\n.elementor-widget-divider{--divider-border-style:none;--divider-border-width:1px;--divider-color:#2c2c2c;--divider-icon-size:20px;--divider-element-spacing:10px;--divider-pattern-height:24px;--divider-pattern-size:20px;--divider-pattern-url:none;--divider-pattern-repeat:repeat-x}.elementor-widget-divider .elementor-divider{display:-webkit-box;display:-ms-flexbox;display:flex}.elementor-widget-divider .elementor-divider__text{font-size:15px;line-height:1;max-width:95%}.elementor-widget-divider .elementor-divider__element{margin:0 var(--divider-element-spacing);-ms-flex-negative:0;flex-shrink:0}.elementor-widget-divider .elementor-icon{font-size:var(--divider-icon-size)}.elementor-widget-divider .elementor-divider-separator{display:-webkit-box;display:-ms-flexbox;display:flex;margin:0;direction:ltr}.elementor-widget-divider--view-line_icon .elementor-divider-separator,.elementor-widget-divider--view-line_text .elementor-divider-separator{-webkit-box-align:center;-ms-flex-align:center;align-items:center}.elementor-widget-divider--view-line_icon .elementor-divider-separator:after,.elementor-widget-divider--view-line_icon .elementor-divider-separator:before,.elementor-widget-divider--view-line_text .elementor-divider-separator:after,.elementor-widget-divider--view-line_text .elementor-divider-separator:before{display:block;content:\"\";border-bottom:0;-webkit-box-flex:1;-ms-flex-positive:1;flex-grow:1;border-top:var(--divider-border-width) var(--divider-border-style) var(--divider-color)}.elementor-widget-divider--element-align-left .elementor-divider .elementor-divider-separator>.elementor-divider__svg:first-of-type{-webkit-box-flex:0;-ms-flex-positive:0;flex-grow:0;-ms-flex-negative:100;flex-shrink:100}.elementor-widget-divider--element-align-left .elementor-divider-separator:before{content:none}.elementor-widget-divider--element-align-left .elementor-divider__element{margin-left:0}.elementor-widget-divider--element-align-right .elementor-divider .elementor-divider-separator>.elementor-divider__svg:last-of-type{-webkit-box-flex:0;-ms-flex-positive:0;flex-grow:0;-ms-flex-negative:100;flex-shrink:100}.elementor-widget-divider--element-align-right .elementor-divider-separator:after{content:none}.elementor-widget-divider--element-align-right .elementor-divider__element{margin-right:0}.elementor-widget-divider:not(.elementor-widget-divider--view-line_text):not(.elementor-widget-divider--view-line_icon) .elementor-divider-separator{border-top:var(--divider-border-width) var(--divider-border-style) var(--divider-color)}.elementor-widget-divider--separator-type-pattern{--divider-border-style:none}.elementor-widget-divider--separator-type-pattern.elementor-widget-divider--view-line .elementor-divider-separator,.elementor-widget-divider--separator-type-pattern:not(.elementor-widget-divider--view-line) .elementor-divider-separator:after,.elementor-widget-divider--separator-type-pattern:not(.elementor-widget-divider--view-line) .elementor-divider-separator:before,.elementor-widget-divider--separator-type-pattern:not([class*=elementor-widget-divider--view]) .elementor-divider-separator{width:100%;min-height:var(--divider-pattern-height);-webkit-mask-size:var(--divider-pattern-size) 100%;mask-size:var(--divider-pattern-size) 100%;-webkit-mask-repeat:var(--divider-pattern-repeat);mask-repeat:var(--divider-pattern-repeat);background-color:var(--divider-color);-webkit-mask-image:var(--divider-pattern-url);mask-image:var(--divider-pattern-url)}.elementor-widget-divider--no-spacing{--divider-pattern-size:auto}.elementor-widget-divider--bg-round{--divider-pattern-repeat:round}.rtl .elementor-widget-divider .elementor-divider__text{direction:rtl}<\/style>\t\t<div class=\"elementor-divider\">\n\t\t\t<span class=\"elementor-divider-separator\">\n\t\t\t\t\t\t\t<div class=\"elementor-icon elementor-divider__element\">\n\t\t\t\t\t<i aria-hidden=\"true\" class=\"fas fa-university\"><\/i><\/div>\n\t\t\t\t\t\t<\/span>\n\t\t<\/div>\n\t\t\t\t<\/div>\n\t\t\t\t<\/div>\n\t\t\t\t<div class=\"elementor-element elementor-element-162b91d elementor-widget elementor-widget-text-editor\" data-id=\"162b91d\" data-element_type=\"widget\" data-widget_type=\"text-editor.default\">\n\t\t\t\t<div class=\"elementor-widget-container\">\n\t\t\t<style>\/*! elementor - v3.6.1 - 23-03-2022 *\/\n.elementor-widget-text-editor.elementor-drop-cap-view-stacked .elementor-drop-cap{background-color:#818a91;color:#fff}.elementor-widget-text-editor.elementor-drop-cap-view-framed .elementor-drop-cap{color:#818a91;border:3px solid;background-color:transparent}.elementor-widget-text-editor:not(.elementor-drop-cap-view-default) .elementor-drop-cap{margin-top:8px}.elementor-widget-text-editor:not(.elementor-drop-cap-view-default) .elementor-drop-cap-letter{width:1em;height:1em}.elementor-widget-text-editor .elementor-drop-cap{float:left;text-align:center;line-height:1;font-size:50px}.elementor-widget-text-editor .elementor-drop-cap-letter{display:inline-block}<\/style>\t\t\t\t<ul><li><ul><li>Mucundorfeanu, M., Balaban, D. C., &amp; Mauer, M. (2024). Exploring the effectiveness of digital manipulation disclosures for Instagram posts on source credibility and authenticity of social media influencers.\u00a0<em>International Journal of Advertising<\/em>, 1\u201331. <a href=\"https:\/\/doi.org\/10.1080\/02650487.2024.2381973\">https:\/\/doi.org\/10.1080\/02650487.2024.2381973<\/a><\/li><li>Gross, E., &amp; Balaban, D. (2024). The Effectiveness of an Educational Intervention on Countering Disinformation Moderated by Intellectual Humility.\u00a0<em>Media and Communication, 13<\/em>, Article 9109.\u00a0<a href=\"https:\/\/doi.org\/10.17645\/mac.9109\">https:\/\/doi.org\/10.17645\/mac.9109<\/a><\/li><li>Alexandrescu, M., &amp; Stoica, M. (2024). Authoritarian Demand in East\u2010Central Europe Post\u2010Pandemic and Amid Neighbouring War.\u00a0<em>Politics and Governance, 12<\/em>, Article 8594.\u00a0<a href=\"https:\/\/doi.org\/10.17645\/pag.8594\">https:\/\/doi.org\/10.17645\/pag.8594<\/a><\/li><li>Balaban, D. C., Mucundorfeanu, M., &amp; Naderer, B. (2024). Short and long-term impact of the frequency of social media influencers\u2019 sponsored posts on attitudinal and behavioral brand outcomes.\u00a0<em>Journal of Marketing Communications<\/em>, 1\u201318. <a href=\"https:\/\/doi.org\/10.1080\/13527266.2024.2413916\">https:\/\/doi.org\/10.1080\/13527266.2024.2413916<\/a><\/li><li>Pavelea, A., &amp; Culic, L. (2024). Religiosity, Spirituality, and Well-being in Emerging Adulthood. The Social Contexts of Young People \u2013 Engaging Youth and Young Adults. <a href=\"http:\/\/dx.doi.org\/10.5772\/intechopen.113963\">http:\/\/dx.doi.org\/10.5772\/intechopen.113963<\/a><\/li><li>Amrhein, C., &amp; Balaban, D. (2024). The effectiveness of 360\u00b0 videos for environmental communication. Exploring the impact of different types of storytelling. <em>Computers in Human Behavior Reports, 13<\/em>, 100368. <a href=\"https:\/\/doi.org\/10.1016\/j.chbr.2024.100368\">https:\/\/doi.org\/10.1016\/j.chbr.2024.100368<\/a><\/li><li>Grad, I. (2024). Opportunities and challenges in using the \u201ccommunity of inquiry\u201d model in teaching ethics. <em>Revista Rom\u00e2neasc\u0103 pentru Educa\u0163ie Multidimensional\u0103, 16<\/em>(1). <a href=\"https:\/\/doi.org\/10.18662\/rrem\/16.1\/818\">https:\/\/doi.org\/10.18662\/rrem\/16.1\/818<\/a><\/li><li>Dabija, DC., C\u00e2mpian, V., Philipp, B.\u00a0<em>et al.<\/em>(2024). How did consumers retail purchasing expectations and behaviour switch due to the COVID-19 pandemic?.\u00a0<em>Journal of Marketing Analytics<\/em>. <a href=\"https:\/\/doi.org\/10.1057\/s41270-024-00344-9\">https:\/\/doi.org\/10.1057\/s41270-024-00344-9<\/a><\/li><li>Voina, A., &amp; Stoica, M. (2023). Reframing Leadership: Jacinda Ardern\u2019s Response to the Covid-19 Pandemic.\u00a0<em>Media and Communication, 11<\/em>(1), 139-149.\u00a0<a href=\"https:\/\/doi.org\/10.17645\/mac.v11i1.6045\">https:\/\/doi.org\/10.17645\/mac.v11i1.6045<\/a><\/li><li>Szambolics, J., Malos, S., &amp; Balaban, D. (2023). Adolescents\u2019 Augmented Reality Filter Usage on Social Media, Developmental Process, and Well-Being.\u00a0<em>Media and Communication, 11<\/em>(4), 129-139.\u00a0<a href=\"https:\/\/doi.org\/10.17645\/mac.v11i4.7016\">https:\/\/doi.org\/10.17645\/mac.v11i4.7016<\/a><\/li><li>C\u00e2mpian, V., &amp; Iancu, I. (2023). Framing Gender in Romanian 2019\u2019s Presidential Elections. A Comparison between Broadsheet and Tabloid Content Newspapers.\u00a0<em>Information &amp; Media<\/em>,\u00a0<em>96<\/em>, 95-118. <a href=\"https:\/\/doi.org\/10.15388\/Im.2023.96.68\">https:\/\/doi.org\/10.15388\/Im.2023.96.68<\/a><\/li><li>Dragomir, S., &amp; Hosu, I. (2023). The Narratives of Hate Used by Romanian Parties Labelled as Far-Right. A Comparative Narrative Analysis.\u00a0<em>Journal for the Study of Religions and Ideologies<\/em>, 34-54.<\/li><li>Hudrea, A., Spoaller, D., &amp; Urs, N. (2023). Digital Tools in Romanian Higher Education: The Influence of the COVID-19 Pandemic on the Digitalization of Universities.\u00a0<em>Transylvanian Review of Administrative Sciences,<\/em> [S.l.], 44-63. <a href=\"http:\/\/dx.doi.org\/10.24193\/tras.69E.3\">http:\/\/dx.doi.org\/10.24193\/tras.69E.3<\/a><\/li><li>Stoica, M. S., &amp; Voina, A. (2023). Measuring receptivity to eurosceptic media discourses in the vicinity of war: Evidence from Romania.\u00a0<em>Media and Communication<\/em>,\u00a0<em>11<\/em>(4), 34-46. <a href=\"https:\/\/doi.org\/10.17645\/mac.v11i4.7122\">https:\/\/doi.org\/10.17645\/mac.v11i4.7122<\/a><\/li><li>Rotar, C., Lep\u0103datu, I., &amp; Ilie\u0219 V. (2023). <em>20 de comunicatori pentru 20 de ani de scoala de comunicare la UBB<\/em>. Presa Universitar\u0103 Clujean\u0103.<\/li><li>Che\u021ban, A., &amp; Iancu, I. (2023). The role of visual identity in music perception. A talk with specialists on song likability, perceived quality, and emotional reactions. <em>KOME \u2013 An International Journal of Pure Communication Inquiry<\/em>. <a href=\"http:\/\/doi.org.10.17646\/KOME.75672.94\">http:\/\/doi.org.10.17646\/KOME.75672.94<\/a><\/li><li>Stoica, M. S., &amp; Voina, A. (2023). Measuring Receptivity to Eurosceptic Media Discourses in the Vicinity of War: Evidence from Romania. <em>Media and Communication, 11<\/em>(4), 34-46. <a href=\"https:\/\/doi.org\/10.17645\/mac.v11i4.7122\">https:\/\/doi.org\/10.17645\/mac.v11i4.7122<\/a><\/li><\/ul><p>Iancu, I., &amp; Iancu, B. (2023). Interacting with chatbots later in life. A technology acceptance perspective in COVID-19 pandemic situation. <em>Frontiers in Psychology &#8211; Human-Media Interaction, 13<\/em>(1111003). <a href=\"http:\/\/doi.org.10.3389\/fpsyg.2022.1111003\">http:\/\/doi.org.10.3389\/fpsyg.2022.1111003<\/a><\/p><ul><li>Stanca, L., Dabija, D., C\u00e2mpian, V. (2023). Qualitative analysis of customer behavior in the retail industry during the COVID-19 pandemic: A word-cloud and sentiment analysis approach. <em>Journal of Retailing and Consumer Services, 75<\/em>, 103543. <a href=\"https:\/\/doi.org\/10.1016\/j.jretconser.2023.103543\">https:\/\/doi.org\/10.1016\/j.jretconser.2023.103543<\/a><\/li><li>Craiut, M., &amp; Iancu I. (2023). The Impact of Gender Stereotypes on Technology Perception. An Experimental Approach on Virtual Assistants. <em>Journal of Media Research, 16<\/em>(3), 29-48.<\/li><li>Stoica, M. S. (2023). Participatory Democracy as the Ideal Context for Social Innovation. Evidence from the European Union.\u00a0<em>Postmodern Openings<\/em>,\u00a0<em>14<\/em>(1), 16-25. https:\/\/doi.org\/10.18662\/po\/14.1\/601<\/li><li>Tamba, G., &amp; Iancu, I. (2023). Emerging Adults and the Use of Textual Digital Communication. A Reflection on Self-Esteem, Loneliness, Anxiety, and Wellbeing. <em>Research in Social Sciences and Technology, 8<\/em>(1). <a href=\"https:\/\/doi.org\/10.46303\/ressat.2023.3\">https:\/\/doi.org\/10.46303\/ressat.2023.3<\/a><\/li><li>Balaban, D. C., &amp; Szambolics, J. (2022). A proposed model of self-perceived authenticity of social media influencers.\u00a0<em>Media and Communication<\/em>,\u00a0<em>10<\/em>(1), 235-246. <a href=\"https:\/\/doi.org\/10.17645\/mac.v10i1.4765\">https:\/\/doi.org\/10.17645\/mac.v10i1.4765<\/a><\/li><li>Must\u0103\u021bea, M., &amp;\u00a0Gociman, D. (2022). Stripping down the Execution Process. Colors in Digital Print Ads as an Emotional Response Indicator. <em>Styles of Communication, 14<\/em>(2). <a href=\"http:\/\/doi.org\/10.31178\/SC.14.2.06\">http:\/\/doi.org\/10.31178\/SC.14.2.06<\/a><\/li><li>Evans, N.,\u00a0 Balaban, D.,\u00a0 Naderer, B., &amp;\u00a0 Mucundorfeanu, M. (2022). How the Impact of Social Media Influencer Disclosures Changes over Time. Discounting Cues and Exposure Level Can Affect Consumer Attitudes and Purchase Intention. <em>Journal of Advertising Research, 62<\/em>(4). <a href=\"http:\/\/doi.org\/10.2501\/JAR-2022-023\">http:\/\/doi.org\/2501\/JAR-2022-023<\/a><\/li><li>Vincze, H. O., &amp; Balaban, D. C. (2022). Between Conflict and Solidarity: Pandemic Media Coverage of Romanian Intra-EU Labour Migrants.\u00a0<em>Media and Communication<\/em>,\u00a0<em>10<\/em>(2), 265-275. <a href=\"https:\/\/doi.org\/10.17645\/mac.v10i2.5014\">https:\/\/doi.org\/10.17645\/mac.v10i2.5014<\/a><\/li><li>Craiut, M., &amp; Iancu, I. (2022). Is technology gender neutral? A systematic literature review on gender stereotypes attached to artificial intelligence. <em>Human Technology<\/em>, <em>18<\/em>(3), 297-315. https:\/\/doi.org\/10.14254\/1795-6889.2022.18-3.6<\/li><li>Balaban, D., Szambolics, J., &amp; Chiric\u0103, M. (2022). Parasocial relations and social media influencers&#8217; persuasive power. Exploring the moderating role of product involvement. <em>Acta Psychologica, 230<\/em>, 103731. <a href=\"https:\/\/doi.org\/10.1016\/j.actpsy.2022.103731\">https:\/\/doi.org\/10.1016\/j.actpsy.2022.103731<\/a><\/li><li>Voina, A., Pavelea, A., &amp; Vacariu, C. (2022). Identity-Based Workplace Discrimination in Romania. Experiences of LGBTQ Community Members.\u00a0<em>Psihologia Resurselor Umane<\/em>,\u00a0<em>20<\/em>(1). https:\/\/doi.org\/10.24837\/pru.v20i1.501<\/li><li>Bera, F., Berar, M., Grivasa, O., &amp; Iancu. I. (2022). Health Halo Effect and Mandela Effect. An Experimental Approach on Packaging Nutrient Claims. <em>Styles of Communication<\/em>, <em>14<\/em>(2). <a href=\"https:\/\/doi.org\/10.31178\/SC.14.2.02\">https:\/\/doi.org\/31178\/SC.14.2.02<\/a><\/li><li>Balaban, D., Mucundorfeanu, M., &amp; Naderer, B. (2022). The role of trustworthiness in social media influencer advertising: Investigating users\u2019 appreciation of advertising transparency and its effects&#8221;\u00a0<em>Communications<\/em>, 47(3), 395-421.\u00a0<a href=\"https:\/\/doi.org\/10.1515\/commun-2020-0053\">https:\/\/doi.org\/10.1515\/commun-2020-0053<\/a><\/li><li>Spoaller, D. (2022). Strategic institutional communication in the pandemic state of emergency. Presa Universitara Clujeana.<\/li><li>Chetan, A., &amp; Iancu, I. (2021). The Influence of Brand Specific Stimuli on the Perception of Music. An Experimental Approach. <em>Journal of Media Research, 14<\/em>(3). <a href=\"http:\/\/doi.org\/10.24193\/jmr.41.7\">http:\/\/doi.org\/10.24193\/jmr.41.7<\/a><\/li><li>Lucaciu, O., Boca, A., Mesaros, A., Petrescu, N., Aghiorghiesei, O., Mirica, I., Hosu, I. Armencea, G., Bran, S., &amp; Dinu, C. (2021). Assessing SARS-CoV-2 Infection Rate among Romanian Dental Practitioners.\u00a0<em>IJERPH, 18<\/em>(9), 1-14.<\/li><li>Balaban, D., &amp; Szambolics, J. (2021). Social media influencerii si rolul lor publicitar. Tritonic.<\/li><li>Blaga (Ibram), P., &amp; Iancu, I. (2021). Applications of Virtual Reality in Communication. A Top-Journals Theoretical Overview. <em>Styles of Communication, 13<\/em>(1). <a href=\"http:\/\/doi.org\/10.31178\/SC.13.1.01\">http:\/\/doi.org\/31178\/SC.13.1.01<\/a><\/li><li>Ilie\u015f, V. I., &amp; F\u0103rca\u015f, P. (Eds.). (2021).\u00a0<em>Branding, comunicare \u015fi strategie \u00een Rom\u00e2nia \u00een an pandemic: vocea speciali\u015ftilor<\/em>. Tritonic.<\/li><li>Balaban, D., Iancu, I., Must\u0103\u021bea, M., Pavelea, A., &amp; Culic, L. (2020). What determines young people to follow influencers? The role of perceived information quality and trustworthiness on users\u2019 following intentions.\u00a0<em>Romanian Journal of Communication and Public Relations<\/em>,\u00a0<em>22<\/em>(3), 5-19. <a href=\"https:\/\/doi.org\/10.21018\/rjcpr.2020.3.306\">https:\/\/doi.org\/10.21018\/rjcpr.2020.3.306<\/a><\/li><li>Iancu, I., &amp; Iancu, B. (2020). Designing mobile technology for elderly. A theoretical overview.\u00a0<em>Technological Forecasting and Social Change<\/em>,\u00a0<em>155<\/em>, 119977. <a href=\"https:\/\/doi.org\/10.1016\/j.techfore.2020.119977\">https:\/\/doi.org\/10.1016\/j.techfore.2020.119977<\/a><\/li><\/ul><\/li><\/ul>\t\t\t\t\t\t<\/div>\n\t\t\t\t<\/div>\n\t\t\t\t\t<\/div>\n\t\t<\/div>\n\t\t\t\t\t\t\t<\/div>\n\t\t<\/section>\n\t\t\t\t\t\t\t<\/div>\n\t\t","protected":false},"excerpt":{"rendered":"<p>Publica\u021bii relevante (selec\u021bie 2020-2024) Mucundorfeanu, M., Balaban, D. C., &amp; Mauer, M. (2024). Exploring the effectiveness of digital manipulation disclosures for Instagram posts on source credibility and authenticity of social media influencers.\u00a0International Journal of Advertising, 1\u201331. https:\/\/doi.org\/10.1080\/02650487.2024.2381973 Gross, E., &amp; Balaban, D. (2024). The Effectiveness of an Educational Intervention on Countering Disinformation Moderated by Intellectual&hellip;<\/p>\n","protected":false},"author":1,"featured_media":0,"parent":0,"menu_order":0,"comment_status":"closed","ping_status":"closed","template":"fullwidth.php","meta":{"footnotes":""},"class_list":["post-13202","page","type-page","status-publish","hentry"],"_links":{"self":[{"href":"https:\/\/fspac.ubbcluj.ro\/core\/wp-json\/wp\/v2\/pages\/13202","targetHints":{"allow":["GET"]}}],"collection":[{"href":"https:\/\/fspac.ubbcluj.ro\/core\/wp-json\/wp\/v2\/pages"}],"about":[{"href":"https:\/\/fspac.ubbcluj.ro\/core\/wp-json\/wp\/v2\/types\/page"}],"author":[{"embeddable":true,"href":"https:\/\/fspac.ubbcluj.ro\/core\/wp-json\/wp\/v2\/users\/1"}],"replies":[{"embeddable":true,"href":"https:\/\/fspac.ubbcluj.ro\/core\/wp-json\/wp\/v2\/comments?post=13202"}],"version-history":[{"count":10,"href":"https:\/\/fspac.ubbcluj.ro\/core\/wp-json\/wp\/v2\/pages\/13202\/revisions"}],"predecessor-version":[{"id":13320,"href":"https:\/\/fspac.ubbcluj.ro\/core\/wp-json\/wp\/v2\/pages\/13202\/revisions\/13320"}],"wp:attachment":[{"href":"https:\/\/fspac.ubbcluj.ro\/core\/wp-json\/wp\/v2\/media?parent=13202"}],"curies":[{"name":"wp","href":"https:\/\/api.w.org\/{rel}","templated":true}]}}